divided by j?
12
Suppose -s - 3*s - 64 = -5*x, 5*x = -5*s + 100. Let l(z) = -z**2 - 7*z - 6. Calculate the remainder when x is divided by l(-4).
4
Suppose 5*z - 86 - 284 = 0. What is the remainder when z is divided by 19?
17
Suppose 7*c - 4 = 5*c. Let j(a) = a**3 + 2*a**2 - a - 1. What is the remainder when 36 is divided by j(c)?
10
Suppose -4*f = -4*p + 32, -27 + 5 = -4*p + 2*f. Let w(x) = -x**3 + 5*x**2 + 8*x - 5. Calculate the remainder when w(6) is divided by p.
1
Let x(w) = -w**3 + 4*w**2 - w + 4. Let v be x(4). Let a = v - -12. Calculate the remainder when 58 is divided by a.
10
Suppose 56 = -3*q + 2*j, -3*j + 0*j = -5*q - 93. Let n = 0 - q. Calculate the remainder when n is divided by ((0 - -1) + -2)*-10.
8
Suppose 3*u + u = 0. Suppose 0*g - 2*g + 80 = u. What is the remainder when g is divided by 14?
12
Let s(h) = -13*h**3 - 2*h**2 - h. Calculate the remainder when 21 is divided by s(-1).
9
Let a be (-5)/5*(0 - 16). Calculate the remainder when 11 is divided by (72/32)/(6/a).
5
Suppose -33*q - 240 = -43*q. Calculate the remainder when 117 is divided by q.
21
Suppose 2*v - 5*v + 6 = 0. Suppose v*c = -c + 27. Let m = 23 + 2. What is the remainder when m is divided by c?
7
Suppose 2*d = -2*d + 56. Suppose 0 = 2*v + 4 - d. Suppose -125 = -0*c - v*c. Calculate the remainder when c is divided by 13.
12
Suppose 4*r + 67 = 5*q - 121, 0 = -4*q - 4*r + 136. What is the remainder when 107 is divided by q?
35
Let j = 41 - 22. Suppose 7 = -c + 6, -4*t + 2 = 2*c. Let o = 8 - t. Calculate the remainder when j is divided by o.
5
Let r be 150/45*132/10. What is the remainder when 3/4 + 11/r is divided by 2/3*(-6)/(-4)?
0
Let g(l) = l**2 - 9*l + 12. Let i(j) = 9*j - 3. Calculate the remainder when i(5) is divided by g(10).
20
Suppose -h + 47 = 3*m + 3, -h + 4*m + 23 = 0. Let y(p) = 3*p**2 - p - 2. What is the remainder when h is divided by y(-2)?
11
Suppose -2*r - 2 = -6*r - 3*m, 2*r = 3*m - 8. What is the remainder when 4 is divided by ((-3)/4)/r*4?
1
Let q(u) = u**2 - 7*u - 2. Let o be q(8). Let z = o + 3. Calculate the remainder when z is divided by 5.
4
Let w = 118 + -75. Let x = w + -28. Calculate the remainder when 27 is divided by x.
12
Suppose z + 3*z - 12 = 0. Let h(a) = 33*a**2 + a - 1. Let d be h(1). Suppose -2*q - 3*c - 8 = -d, -2*c + 6 = 0. What is the remainder when q is divided by z?
2
Let o(t) = t**2 + 2*t. Let s be o(-4). Suppose c + m = -m + s, 2*c + m = 1. What is the remainder when (1/c)/((-3)/294) is divided by 13?
10
Suppose 5*s - 2*b - 107 = 0, -2*s + b = 3*s - 106. Calculate the remainder when 163 is divided by s.
16
Let p = -8 - -3. Let r(c) be the third derivative of -c**6/120 - c**5/30 + c**4/3 + 5*c**3/6 + c**2. What is the remainder when r(p) is divided by 14?
12
Let j = 170 + -117. Let s(v) = -v**2 - 2*v + 7. Let r be s(6). Let n = -23 - r. What is the remainder when j is divided by n?
17
Let y(h) = 15*h - 1. Let q be y(5). Let r = -42 + q. Suppose 4*n + 4*k - r = -0*k, k + 58 = 5*n. What is the remainder when 21 is divided by n?
10
Let j(y) = -y**3 + 4*y**2 + 2. Let m be j(2). Suppose x - 2*x = -m. What is the remainder when (0 + 6)*(7 + -4) is divided by x?
8
Let g = 51 - 37. What is the remainder when 38 is divided by g?
10
Let z(r) = -r**2 - 8*r - 3. Let p be z(-7). Suppose -73 = -4*d - w + 6*w, -p*d = -w - 69. Let m = 16 + -10. What is the remainder when d is divided by m?
5
Let p = 111 + -41. Let j = p + -44. Calculate the remainder when j is divided by 9.
8
Suppose m - 93 = -5*p, -3*p + 7*p + m = 75. What is the remainder when 71 is divided by p?
17
What is the remainder when 62 is divided by (102/(-2) - -3)*(-5)/15?
14
Let u(o) = 3*o - 4. What is the remainder when 69 is divided by u(6)?
13
Suppose -7*w - 2 = -254. Let s(j) = -j - 6. Let n be s(-6). What is the remainder when w is divided by (1 - -16) + 2 + n?
17
Suppose 36 = 3*x + v + 7, -3*x + 5*v = -17. Calculate the remainder when 35 is divided by x.
8
Calculate the remainder when 69 is divided by (1/4 + (-13)/(-52))*24.
9
Let l(d) = -2*d - 2. Suppose -3 = -3*x - 15. Calculate the remainder when 16 is divided by l(x).
4
Suppose -4*l = -0*l - 88. What is the remainder when 64 is divided by l?
20
What is the remainder when (428/8)/(3/6) is divided by 27?
26
Suppose h - 2 = 2, x - 11 = -2*h. Calculate the remainder when 48 is divided by 6 - -14 - 1*x.
14
Let w(f) = 9*f**2 + f + 1. Let c = -17 + 29. What is the remainder when w(-2) is divided by c?
11
Suppose -5*r - 4*p = -148 - 219, 130 = 2*r - 4*p. Let z(f) = f**3 - 3*f**2 - 4*f - 6. What is the remainder when r is divided by z(5)?
23
Suppose 12*x - 257 = -41. Calculate the remainder when x is divided by 4.
2
Let p = 11 - 5. Let f(w) be the third derivative of w**6/120 - w**5/12 - 7*w**4/24 + 3*w**3/2 + w**2. What is the remainder when 5 is divided by f(p)?
2
Suppose -6 = -2*q, 5*t + 5*q - 545 = -0*t. Calculate the remainder when t is divided by 9.
7
Let j = 0 + 17. Let d(n) = 5*n. What is the remainder when j is divided by d(1)?
2
Calculate the remainder when 39 is divided by 17 - (1 + 4 + -9).
18
Let g(b) = -b**3 - 3*b**2 - 2*b + 4. Let l(f) = 7*f**3 - 2*f**2 - 2*f + 1. Let u be l(2). What is the remainder when g(-3) is divided by (-4)/(-18) - (-170)/u?
2
Let a be ((-80)/180)/(2/(-9)). Let w(j) = 14*j**3 - j**2 - 3*j + 2. Calculate the remainder when w(a) is divided by 21.
20
Let b = -5 - -21. What is the remainder when b is divided by 9?
7
Suppose 0 = 5*s + 2 - 17. Let h(p) = -p**2 - 8*p - 9. Let t be h(-6). Suppose t + 18 = 3*b. What is the remainder when b is divided by s?
1
Suppose 8 = a - 5*u - 6, 5*a - 4*u - 28 = 0. Let r(p) = p**3 - 3*p**2 - 4*p + 5. What is the remainder when 17 is divided by r(a)?
2
Let r be -1 + 14 - (0 + -1). Let j = 16 - r. Calculate the remainder when j is divided by 1.
0
Let k = -4 + 11. Suppose -2*g = 6, -4*b + 14*g + 74 = 16*g. Calculate the remainder when b is divided by k.
6
Suppose -18 = 9*h - 666. What is the remainder when h is divided by 37?
35
Let n = 31 - -95. Suppose 126 = 3*t - 2*f, t = 4*t + 5*f - n. What is the remainder when t is divided by 11?
9
Suppose -18 - 6 = -4*k. Let o(z) = z**2 - 7*z - 8. What is the remainder when o(10) is divided by k?
4
Let s = 0 + 2. Suppose i - s = 4. What is the remainder when 14 is divided by i?
2
Let b be 1/(-4) - 17/(-4). Let o = 4 + b. Suppose 3*w - 39 - 24 = -2*s, 4*w - 89 = -s. What is the remainder when w is divided by o?
7
Let p = 29 - 20. Suppose 5*z - l = 124, 3*z - 72 = 2*l + l. What is the remainder when z is divided by p?
7
Suppose 3*y + 2*h = 6*y - 9, -16 = -5*y + 3*h. Suppose 4*v - 1113 = -5*l, -3*v + 220 + 611 = y*l. What is the remainder when v/7 + 4/(-14) is divided by 14?
12
Let d = 3 - 1. Suppose -4*c + 2*s = -d*s - 248, c = -4*s + 42. Calculate the remainder when c is divided by 20.
18
Let f(r) = -2*r**3 - 4*r**2 - 4*r - 3. Let p = -6 + 10. Suppose -x = -p*x - 6. What is the remainder when 13 is divided by f(x)?
3
Let v(c) = -132*c + 1. Calculate the remainder when v(-1) is divided by (-68)/(-2 - (-1 + 1)).
31
Suppose 3*p + 302 = -8*h + 13*h, -57 = -h + 4*p. Calculate the remainder when h is divided by 21.
19
Suppose -4*s + 29 = -r + s, 2*s = 4. Let i = r - -31. Let k(u) = -u**3 - 16*u**2 - u + 19. What is the remainder when k(-16) is divided by i?
11
Suppose -h - 152 = -3*q, q - 2*q + 64 = -3*h. Calculate the remainder when q is divided by 13.
10
Suppose 0 = 3*b + 2*b - 65. Suppose 11 = 4*k - b. What is the remainder when 21 is divided by k?
3
Calculate the remainder when 39 is divided by (3/9)/((-2)/(-66)).
6
Suppose -2*w = -5*f + 346, -5*w + 189 = 3*f - 0*w. What is the remainder when f is divided by 18?
14
Let k = -1330 - -1355. Suppose -2*n = -3*v - 31, n - 3*n - v = -27. Calculate the remainder when k is divided by n.
11
Let z(i) = -13*i**3 - i**2 - 2*i - 1. Calculate the remainder when 37 is divided by z(-1).
11
Suppose -y - 4*y = -35. Suppose y = -3*b + 49. What is the remainder when ((-111)/(-12) - -1)*4 is divided by b?
13
Let m(l) = 1 + 3*l + l + 8 + l**2. Let x be m(-6). Suppose 5*n + x - 76 = 0. What is the remainder when 41 is divided by n?
8
Suppose -5*f = 3*a + 93 - 250, -3*a - 131 = -4*f. What is the remainder when 125 is divided by f?
29
Suppose -f - 7 = -4*f + 2*c, -3*f + c = -11. What is the